rs of 1359911?
7, 131, 1483
List the prime factors of 6143702.
2, 37, 83023
List the prime factors of 302041.
367, 823
List the prime factors of 1785567.
3, 7, 85027
List the prime factors of 18687.
3, 6229
List the prime factors of 2915425.
5, 277, 421
List the prime factors of 2525712.
2, 3, 7, 7517
List the prime factors of 777553.
7, 113, 983
List the prime factors of 523007.
523007
List the prime factors of 10608443.
10608443
List the prime factors of 218989.
218989
List the prime factors of 742284.
2, 3, 29, 79
List the prime factors of 571308.
2, 3, 47609
List the prime factors of 209139.
3, 7, 23, 433
What are the prime factors of 114742?
2, 103, 557
What are the prime factors of 217303?
19, 11437
What are the prime factors of 877202?
2, 438601
List the prime factors of 1434679.
1434679
List the prime factors of 25909847.
29, 353, 2531
What are the prime factors of 1758865?
5, 351773
List the prime factors of 1202115.
3, 5, 80141
List the prime factors of 3717443.
353, 10531
What are the prime factors of 19347780?
2, 3, 5, 322463
List the prime factors of 1559771.
967, 1613
List the prime factors of 413175.
3, 5, 7, 787
List the prime factors of 2797263.
3, 7, 6343
What are the prime factors of 745009?
19, 113, 347
What are the prime factors of 2947918?
2, 1473959
What are the prime factors of 7043199?
3, 2347733
List the prime factors of 2544946.
2, 83, 15331
List the prime factors of 1728617.
11, 167, 941
List the prime factors of 537234.
2, 3, 17, 23, 229
What are the prime factors of 206359?
19, 10861
What are the prime factors of 416897?
13, 32069
List the prime factors of 1528448.
2, 11941
List the prime factors of 1276403.
79, 107, 151
List the prime factors of 4622735.
5, 13, 71119
What are the prime factors of 678122?
2, 409, 829
What are the prime factors of 1609392?
2, 3, 33529
What are the prime factors of 299963?
79, 3797
List the prime factors of 4989720.
2, 3, 5, 43, 967
List the prime factors of 1395642.
2, 3, 232607
What are the prime factors of 3645186?
2, 3, 607531
What are the prime factors of 2734408?
2, 139, 2459
What are the prime factors of 125072?
2, 7817
What are the prime factors of 1925040?
2, 3, 5, 13, 617
What are the prime factors of 8751821?
13, 17, 199
List the prime factors of 11098986.
2, 3, 1849831
List the prime factors of 155616.
2, 3, 1621
List the prime factors of 2062.
2, 1031
What are the prime factors of 549811?
29, 18959
List the prime factors of 995937.
3, 31, 10709
What are the prime factors of 7355201?
7, 1050743
List the prime factors of 162384.
2, 3, 17, 199
What are the prime factors of 2278281?
3, 79, 9613
What are the prime factors of 9231886?
2, 271, 17033
List the prime factors of 11135766.
2, 3, 1855961
What are the prime factors of 642314?
2, 19, 16903
What are the prime factors of 734451?
3, 17, 14401
What are the prime factors of 80838?
2, 3, 499
List the prime factors of 226930.
2, 5, 11, 2063
What are the prime factors of 1974886?
2, 31, 53, 601
List the prime factors of 43214.
2, 17, 31, 41
List the prime factors of 32441937.
3, 11, 23, 42743
What are the prime factors of 6448062?
2, 3, 31, 34667
List the prime factors of 413766.
2, 3, 127, 181
What are the prime factors of 17857751?
859, 20789
List the prime factors of 562579.
562579
What are the prime factors of 2380152?
2, 3, 99173
List the prime factors of 16001135.
5, 19, 168433
List the prime factors of 653701.
17, 38453
What are the prime factors of 1105569?
3, 13649
List the prime factors of 7503525.
3, 5, 33349
List the prime factors of 17611.
11, 1601
What are the prime factors of 672960?
2, 3, 5, 701
List the prime factors of 362610.
2, 3, 5, 17, 79
What are the prime factors of 28793772?
2, 3, 7, 5441
What are the prime factors of 1145127?
3, 419, 911
What are the prime factors of 3320993?
13, 23, 29, 383
List the prime factors of 171945.
3, 5, 3821
What are the prime factors of 323875?
5, 2591
List the prime factors of 28575790.
2, 5, 2857579
What are the prime factors of 649261?
649261
List the prime factors of 1708322.
2, 7, 11, 11093
List the prime factors of 16561.
16561
List the prime factors of 18125016.
2, 3, 7, 13, 43, 193
List the prime factors of 6210604.
2, 1552651
What are the prime factors of 13714367?
211, 64997
List the prime factors of 3287267.
3287267
What are the prime factors of 575387?
37, 15551
What are the prime factors of 598838?
2, 299419
List the prime factors of 3185230.
2, 5, 318523
List the prime factors of 416653.
17, 24509
List the prime factors of 20098741.
13, 1546057
List the prime factors of 50304.
2, 3, 131
What are the prime factors of 1946617?
1946617
What are the prime factors of 7098024?
2, 3, 295751
List the prime factors of 4315162.
2, 37, 58313
List the prime factors of 14110088.
2, 797, 2213
What are the prime factors of 346588?
2, 11, 7877
List the prime factors of 313159.
7, 11, 83
List the prime factors of 6407431.
6407431
What are the prime factors of 100926?
2, 3, 7, 89
List the prime factors of 2985194.
2, 1492597
What are the prime factors of 3072235?
5, 191, 3217
What are the prime factors of 763814?
2, 59, 6473
What are the prime factors of 1435632?
2, 3, 11, 2719
What are the prime factors of 23550?
2, 3, 5, 157
List the prime factors of 733024.
2, 22907
List the prime factors of 268594.
2, 23, 5839
What are the prime factors of 545058?
2, 3, 107, 283
What are the prime factors of 2322696?
2, 3, 96779
List the prime factors of 334907.
53, 71, 89
List the prime factors of 782275.
5, 13, 29, 83
What are the prime factors of 584988?
2, 3, 29, 41
List the prime factors of 1106056.
2, 7, 19751
What are the prime factors of 158536?
2, 7, 19, 149
List the prime factors of 1410870.
2, 3, 5, 131, 359
List the prime factors of 7622671.
7, 1088953
What are the prime factors of 5276816?
2, 329801
List the prime factors of 1018943.
37, 27539
List the prime factors of 1969000.
2, 5, 11, 179
What are the prime factors of 3381813?
3, 375757
What are the prime factors of 132833?
132833
What are the prime factors of 518679?
3, 7, 8233
What are the prime factors of 2962817?
11, 13, 20719
List the prime factors of 148471.
148471
What are the prime factors of 1309694?
2, 43, 97, 157
List the prime factors of 5157311.
331, 15581
List the prime factors of 2089948.
2, 7, 10663
List the prime factors of 6148403.
6148403
What are the prime factors of 6589836?
2, 3, 11, 43
List the prime factors of 16380931.
7, 2340133
What are the prime factors of 15814873?
37, 427429
List the prime factors of 501721.
11, 17, 2683
List the prime factors of 14089878.
2, 3, 11, 71161
What are the prime factors of 3527948?
2, 881987
List the prime factors of 4918478.
2, 2459239
List the prime factors of 22861810.
2, 5, 43, 79, 673
What are the prime factors of 651142?
2, 325571
List the prime factors of 3475928.
2, 37, 11743
What are the prime factors of 169824?
2, 3, 29, 61
List the prime factors of 5707918.
2, 421, 6779
What are the prime factors of 17893298?
2, 181, 49429
What are the prime factors of 3451766?
2, 953, 1811
What are the prime factors of 10508156?
2, 373, 7043
List the prime factors of 54526.
2, 137, 199
List the prime factors of 8033458.
2, 41, 313
List the prime factors of 8893965.
3, 5, 592931
What are the prime factors of 239074?
2, 11, 10867
What are the prime factors of 38217?
3, 12739
List the prime factors of 243184.
2, 15199
List the prime factors of 3935830.
2, 5, 393583
List the prime factors of 1204419.
3, 401473
List the prime factors of 543438.
2, 3, 7, 19, 227
What are the prime factors of 87593?
11, 7963
What are the prime factors of 2339880?
2, 3, 5, 17, 31, 37
What are the prime factors of 12425866?
2, 2447, 2539
What are the prime factors of 9600965?
5, 11, 227, 769
List the prime factors of 137932.
2, 34483
What are the prime factors of 3753767?
3753767
List the prime factors of 1007799.
3, 13, 25841
List the prime factors of 4052013.
3, 7, 157, 1229
List the prime factors of 6152534.
2, 1103, 2789
What are the prime factors of 1663858?
2, 7, 17, 6991
List the prime factors of 3545775.
3, 5, 17, 103
What are the prime factors of 149937?
3, 23, 41, 53
What are the prime factors of 3903653?
13, 467, 643
List the prime factors of 864351.
3, 3557
What are the prime fa